 + 0. Is (3812/6)/(34/w) composite?
False
Let f(m) be the first derivative of -30*m**2 - 19*m + 6. Let q(y) = -119*y - 39. Let r(c) = 13*f(c) - 6*q(c). Is r(-5) prime?
True
Is (-1 - 15620)/(62 - 65) a prime number?
False
Let a(y) = 3*y**2 - 2. Let b be a(2). Suppose -b*g + 14*g - 12 = 0. Is (g - -309)/4 + 1 a prime number?
True
Suppose 3413 = 3*y - 4*r, 5*y - 68*r = -70*r + 5697. Is y composite?
True
Let t = -5601 - -42574. Is t a prime number?
True
Let l(m) = -m - 19. Let d be l(-13). Let x be d/4*402/(-9). Let o = 314 - x. Is o a composite number?
True
Let t = 9027 + -6148. Is t prime?
True
Let u = 575 + 19167. Is u a composite number?
True
Let r be 1 + ((-2)/9 - (-6290)/(-45)). Suppose 10 = -j + f - 7, -3*f = 4*j + 33. Let g = j - r. Is g a prime number?
True
Let x(c) = -5085*c + 4. Is x(-1) a composite number?
True
Is 144054/38 - 4/(-38) composite?
True
Let w(b) = 3*b + 1 + 1 + 4*b + b**2. Let l be w(-6). Is (-1 + -1)*30/l a composite number?
True
Suppose 0 = -4*t + 8, -5*t + 2*t = 2*x - 6988. Is x a prime number?
True
Let t(v) = 792*v + 3. Is t(14) prime?
False
Let w = 82419 - 56962. Is w composite?
False
Is 4/(-8)*14 - -5234 a prime number?
True
Let y = 209 - -36. Let v = 982 - y. Is v composite?
True
Suppose 57*n + 154172 = 61*n. Is n a composite number?
False
Let r(g) = g + 3. Let s be r(-8). Let u(j) = 2*j**2 - 35*j - 35. Let h(w) = w**2 - 23*w - 23. Let a(d) = -8*h(d) + 5*u(d). Is a(s) a composite number?
True
Is (8201 - 14) + 0/3 a prime number?
False
Let t(f) = -f**3 + 13*f**2 - 6*f - 5. Suppose -3 = 4*d + 5. Let w be d + -2 + (14 - 4). Is t(w) a composite number?
False
Suppose 4*u = -10*r + 5*r + 33, 24 = 2*u + 4*r. Let l(s) = 2*s**2 - 2*s - 2. Let c be l(u). Suppose c*p = -2*p + 708. Is p prime?
False
Let u = 7047 + -2225. Is u prime?
False
Suppose 5*w - 25 = -2*c - 2*c, 2*w - 10 = 2*c. Suppose -t + 3*t = u - 879, 0 = 3*u + w*t - 2637. Is u a composite number?
True
Let x = 112101 - 21874. Is x composite?
False
Let m = 11 - 9. Suppose 2*t - 5*a = -a + 454, 4*a = -m*t + 438. Is t composite?
False
Let j = 6 - 2. Suppose j*v = -9 + 25. Is ((-15)/(-6))/(1/v) composite?
True
Let d = 61 - -43. Suppose 2*q - 408 = 302. Let x = q - d. Is x a composite number?
False
Let a = 65 - -86. Let p = a + -24. Is p a prime number?
True
Let c(w) = 585*w**2 - 5*w + 7. Let d be c(3). Suppose -941 + d = 4*u. Suppose 0*a + 5*g + 354 = a, 3*a - u = -2*g. Is a composite?
False
Suppose 5 = m + 3. Let p be 4 + -1*(m - 1). Is p/(3 - (-306)/(-105)) a prime number?
False
Let k(x) = -x**3 - x**2 + 2*x + 5. Let i be k(0). Suppose 0*p = -4*p + 2912. Suppose -p = -i*v + 2447. Is v composite?
True
Suppose 4*d - 531 = 6285. Suppose 702 = -3*a + d. Suppose -3*u - a = -5*s, 5*u + 2 = -13. Is s a composite number?
True
Suppose -7843 = -4*u + w, 1981 - 19 = u + w. Is u a composite number?
True
Let z = -117 - -114. Is (1*-1709)/(z/(6/2)) a prime number?
True
Is (34400/6 - 2)*(-12)/(-8) prime?
True
Let j(k) = -k**3 + 2*k**2 + 4*k + 1. Let g be j(-4). Let o = 76 + g. Is o prime?
True
Let f = 2625 + -1810. Suppose 30*h - 35*h = -f. Is h composite?
False
Let m = 133 + -350. Let o = 256 - m. Is o a prime number?
False
Suppose 23*u - 963691 = 98035. Is u prime?
False
Suppose 0*s + 10 = -3*h - 2*s, 3*s = -6. Let v be (1 + 5)*h/(-4). Suppose 2*x - v*x = -37. Is x prime?
True
Suppose -4*a - 4*l = -474 - 1978, -3*a - 5*l + 1843 = 0. Is a prime?
False
Is 37674 + 36/6 + -1 a composite number?
True
Suppose 0 = 3*c - i - 89496, 12*c - 2*i - 149159 = 7*c. Is c prime?
True
Suppose 305 = -5*t - 3*u + 11420, -4*t + 5*u + 8929 = 0. Suppose -4*v - 10432 = -4*x, -5*x - 5*v + 10824 = -t. Is x prime?
True
Suppose 2*p = -6, -4*a + 1270 + 1426 = 4*p. Let j(r) = -r + 5. Let v be j(2). Suppose -v*h = -a - 316. Is h a prime number?
True
Suppose -3*k = -5*o - 2, -5*k = -k - o - 31. Let m be (8 + -6)*k/6. Suppose 0 = -2*j - m*j + 385. Is j a composite number?
True
Suppose -3*o + 1017 = 3*y, 2*o - 323 - 12 = -y. Suppose 0*j = j - 3*c - y, 2*j = 2*c + 670. Is j a prime number?
True
Let y be 1586/(-4) + 7/14. Let z = -81 + y. Is (z/27)/(2/(-18)) prime?
False
Let w = -9 - -11. Let m be 2012/24*3*w. Let b = 754 - m. Is b a prime number?
True
Let s = 613 + 3136. Is s a composite number?
True
Let v(j) = 16*j**2 + 2*j - 29. Is v(5) composite?
True
Let g(v) = v**3 + 9*v**2 + 3*v + 1. Suppose 6*z - 2*z + 16 = 0. Let m be g(z). Suppose m = 8*y - 7*y. Is y a prime number?
False
Let c be 12/5 - (-2)/(-5). Suppose 0 = -3*t + c*z + 530, 2*t + 5*z = -35 + 401. Is t a composite number?
True
Let f(l) = -148*l**2 + 16. Let a(n) = -n**3 + 8*n**2 + 8. Let k be a(8). Let o be f(k). Is o/(-36) - 2/(-6) a prime number?
True
Let a(b) = 52*b + 63. Is a(23) composite?
False
Suppose -2*w + 4*s = -2854, 2*w - 5*s = -3*w + 7120. Suppose -b = -4, 7*u - 4*b - w = 4*u. Is u composite?
False
Let k(q) = 3*q + 5. Let w be k(5). Let v be (-4)/(-5)*150/w. Is (-116)/v*-6 + -1 a composite number?
True
Is (-9)/(-54) + (-3125046)/(-36) composite?
True
Suppose 0 = 14*k - 53 + 473. Is (-24)/k + 12/10 - -743 composite?
True
Let f = -2984 - -5521. Suppose -3994 = -3*m + f. Is m composite?
True
Suppose 298 = -106*k + 107*k. Is k a composite number?
True
Let n(w) = -w**2 + 16*w - 43. Let s(t) = 16*t - 42. Let j(o) = -3*n(o) + 2*s(o). Is j(14) a prime number?
True
Let q be 4 - -1 - (-6)/(-2). Let v = 2 + q. Suppose 0*u + 397 = 3*u + 4*r, -536 = -4*u - v*r. Is u a composite number?
False
Let m be ((-1)/1)/((-8)/(-392)). Let y = m + 579. Suppose -a + y = a. Is a a composite number?
True
Let p be 0 + (1*12)/4 - -124. Suppose -3*v + 589 = 5*n, -2*v - n = -p - 275. Is v a prime number?
False
Is -5*3/(-5) + 376 + 0 composite?
False
Let j be 2/6*-23*-72. Let w = -374 + 211. Let b = j + w. Is b a prime number?
True
Is 1 + 2*6/4 - -973 a composite number?
False
Let t(b) = b**3 + 6 + 7*b**2 + 3 - 4 + 6*b. Let l be t(-6). Suppose -743 = -3*x - f - 3*f, 2*f = l*x - 1273. Is x prime?
False
Suppose 19924 = 6*c - 8192. Suppose 7*b - c = b. Is b a composite number?
True
Let g be (0 - -8) + 0/1. Suppose -4*d = -g*d. Suppose o - 5*b = -d*o + 80, -5*b = -4*o + 335. Is o composite?
True
Let k(c) = c**2 + 9*c + 10. Let z be k(-8). Let m be 3/((-12)/z)*4. Is (-1)/(m/5)*62 a prime number?
False
Suppose 0 = -2*r - 3*k + 3123 + 6970, -5*r + 25210 = 3*k. Is r a prime number?
True
Let b(s) be the second derivative of 29*s**4/6 + 5*s**3/6 - 9*s**2/2 + 23*s. Is b(2) composite?
False
Let k = -4362 + 6995. Is k prime?
True
Let u(x) = 16*x**2 - 22*x + 86. Is u(18) prime?
False
Suppose 0 = -3*a + a. Suppose a = 5*q + n - 470, n = -5*q - 3*n + 455. Is q a composite number?
True
Let r = -976 + 96. Let w = r - -1317. Is w prime?
False
Suppose -5*b + 10196 = -4*s, 4*b = b - 5*s + 6125. Let j = b - 1331. Is j a prime number?
True
Let c(n) be the first derivative of -3*n**4/4 - 7*n**3/3 + n**2 + 13*n + 24. Is c(-6) a composite number?
False
Suppose 0 = -3*d - 0*d. Let h(z) = 5*z**2 - 3*z + 205. Let n(w) = 11*w**2 - 7*w + 411. Let c(p) = 9*h(p) - 4*n(p). Is c(d) composite?
True
Let o = 5205 + -1156. Is o a composite number?
False
Suppose 3*t = -3*h + 14438 + 17128, 52595 = 5*h + 2*t. Is h prime?
False
Let w(c) = -c**3 - 5*c**2 - 2*c + 3. Let a be w(-4). Let d(f) = 2*f - 6. Let i be d(a). Let p = i + 51. Is p composite?
True
Let t be (-6 + 0 + 0)*(-56)/42. Suppose t*z - 1028 = 2004. Is z a prime number?
True
Is 769430/(-30)*(-4 + 1) + -4 composite?
True
Suppose -h = 5*k, -4*h - 7 - 12 = k. Let r be k*-4 - 12/(-4). Is 2*r/(-2) - -178 composite?
False
Let f(z) = 631*z**3 + z**2 - 3*z - 4. Let t(b) = -3156*b**3 - 5*b**2 + 16*b + 21. Let j(n) = -11*f(n) - 2*t(n). Is j(-1) a composite number?
True
Suppose -j + z + 511 = 0, -791 = -3*j - z + 758. Suppose 7*i = 2*i + j. Let f = i - -30. Is f a prime number?
False
Suppose -518 + 218 = -2*g. Suppose -3*u = -0*u - g. Is 8/10 - (-39310)/u a composite number?
False
Is 861/123 + (103928/(-2))/(-1) a prime number?
True
Let v(j) = -213*j + 14. Let n be v(10). Let d = n + 3765. Is d a composite number?
True
Suppose -18*j = -22*j + 20, -105126 = -2*i - 4*j. Is i a prime number?
True
Let v(r) = 10*r**3 - 10*r**2 + 4*r + 5. Let s(f) = 7*f**3 - 7*f**2 + 3*f + 3. Let m(a) = -7*s(a) + 5*v(a). Let y be m(2). Is 1510/y - (-18)/(-27) composite?
False
Suppose 